t -414 (base 8) to base 6.
-1124
-a6a (base 12) to base 15
-6b7
c981 (base 13) to base 9
42350
Convert 242 (base 11) to base 5.
2123
Convert -22210 (base 4) to base 11.
-565
What is -259 (base 15) in base 14?
-2a2
-12114 (base 6) to base 5
-24044
14512 (base 9) to base 11
7484
1b3 (base 14) to base 5
2403
Convert -1fc (base 16) to base 9.
-624
1505 (base 7) to base 5
4333
Convert -10241 (base 5) to base 6.
-3120
What is 420 (base 7) in base 10?
210
Convert -1011110011111 (base 2) to base 8.
-13637
-1130122 (base 5) to base 7
-114145
Convert 100001011011011 (base 2) to base 6.
211123
What is -77510 (base 9) in base 15?
-10399
Convert -5250 (base 6) to base 2.
-10010011110
Convert -102432 (base 6) to base 11.
-6321
Convert -ac (base 16) to base 11.
-147
What is 2332 (base 8) in base 13?
747
603 (base 11) to base 5
10404
What is -101101101101 (base 2) in base 3?
-11000100
Convert 42164 (base 7) to base 8.
24221
Convert 21140 (base 5) to base 13.
853
2084 (base 10) to base 2
100000100100
422 (base 7) to base 12
158
What is -232210 (base 4) in base 15?
-d3a
What is 1696 (base 10) in base 16?
6a0
What is -34d (base 14) in base 9?
-810
Convert -1101010001001 (base 2) to base 16.
-1a89
What is 220 (base 5) in base 11?
55
Convert -525 (base 9) to base 11.
-35a
Convert 243030 (base 5) to base 11.
695a
1011 (base 4) to base 9
76
Convert -10e (base 15) to base 6.
-1035
What is 141052 (base 7) in base 4?
12202213
What is -ab4a (base 12) in base 4?
-10213222
-3435 (base 8) to base 5
-24241
What is 336 (base 16) in base 7?
2253
-1277 (base 9) to base 3
-1022121
4584 (base 9) to base 12
1b71
Convert 43363 (base 8) to base 10.
18163
4241 (base 7) to base 4
113123
What is 112030 (base 4) in base 15?
64a
Convert 76 (base 9) to base 2.
1000101
What is c5d (base 15) in base 11?
2105
What is -1415 (base 8) in base 11?
-650
Convert 12430 (base 6) to base 14.
990
-200024 (base 5) to base 4
-1201320
What is 2ca (base 14) in base 7?
1443
What is 203 (base 14) in base 3?
112122
Convert -5454 (base 7) to base 11.
-1513
What is 7343 (base 13) in base 8?
37105
What is 115574 (base 8) in base 9?
60536
What is 1323302 (base 4) in base 3?
101212102
Convert -7103 (base 9) to base 10.
-5187
Convert -412 (base 11) to base 2.
-111110001
What is 2110222 (base 3) in base 16?
710
Convert 1314203 (base 5) to base 15.
7b53
What is 3154 (base 15) in base 12?
6051
Convert 3157 (base 9) to base 11.
181a
What is -4110 (base 5) in base 7?
-1355
What is -21612 (base 7) in base 14?
-1db2
Convert 212 (base 3) to base 2.
10111
-100000100010111 (base 2) to base 7
-66403
28c9 (base 13) to base 10
5911
Convert 78700 (base 9) to base 8.
146146
47302 (base 8) to base 7
112532
12210201 (base 3) to base 7
15223
Convert 1b4 (base 14) to base 12.
256
-34450 (base 7) to base 13
-4015
What is -1010101011 (base 2) in base 9?
-838
What is -4151 (base 6) in base 13?
-568
What is -dc7 (base 16) in base 5?
-103102
-8923 (base 14) to base 4
-11303003
Convert b4 (base 15) to base 6.
441
Convert -1103 (base 4) to base 16.
-53
-34d6 (base 14) to base 4
-2033310
What is 3643 (base 7) in base 6?
10134
Convert -221023 (base 4) to base 8.
-5113
-11043 (base 5) to base 12
-545
Convert -79 (base 11) to base 9.
-105
-35583 (base 9) to base 2
-101110100000000
Convert -1773 (base 14) to base 6.
-31305
Convert a081 (base 14) to base 2.
110101110100001
-4140 (base 6) to base 12
-650
-10111011110 (base 2) to base 15
-6a2
What is -463 (base 8) in base 13?
-1a8
Convert -340 (base 6) to base 2.
-10000100
What is -4002 (base 6) in base 15?
-3cb
What is -14a07 (base 11) in base 12?
-10312
Convert -41320 (base 5) to base 3.
-10201101
Convert 1023 (base 5) to base 13.
a8
Convert 2042 (base 10) to base 5.
31132
Convert -112 (base 14) to base 3.
-21212
Convert 713 (base 8) to base 4.
13023
What is -132123 (base 5) in base 13?
-253a
What is 331 (base 4) in base 14?
45
Convert -340110 (base 5) to base 7.
-46465
Convert -3132 (base 5) to base 13.
-261
What is 1512 (base 9) in base 13?
6a1
Convert -58a1 (base 12) to base 14.
-3881
What is 111110111000 (base 2) in base 6?
30344
Convert 13173 (base 8) to base 7.
22531
What is -12320 (base 5) in base 2?
-1111000000
Convert -100300 (base 4) to base 9.
-1421
Convert -50456 (base 7) to base 5.
-342432
Convert 56a9 (base 14) to base 10.
15045
What is 2432123 (base 5) in base 8?
131531
-2000021 (base 3) to base 7
-4162
-30 (base 12) to base 14
-28
What is d5e (base 15) in base 2?
101111000110
a536 (base 16) to base 4
22110312
206 (base 10) to base 6
542
What is 22a8 (base 12) in base 9?
5272
What is 1111 (base 7) in base 12?
294
-2221 (base 5) to base 8
-467
Convert -21000122 (base 3) to base 14.
-1c1a
Convert 2204 (base 10) to base 13.
1007
Convert -4314 (base 8) to base 2.
-100011001100
-11111011111010 (base 2) to base 6
-202350
59b4 (base 12) to base 9
14731
Convert 3a98 (base 11) to base 5.
132220
What is 34523 (base 8) in base 7?
60533
What is -2120012 (base 3) in base 6?
-12352
198 (base 15) to base 2
101110000
-1286 (base 9) to base 6
-4253
What is 476 (base 15) in base 14?
523
-2011002 (base 3) to base 8
-3040
Convert 3330 (base 4) to base 12.
190
421 (base 15) to base 2
1110100011
-16165 (base 7) to base 2
-1000111001011
3053 (base 6) to base 7
1662
What is 46607 (base 9) in base 2?
111100110000111
What is 1001111001100 (base 2) in base 3?
20221201
Convert -578 (base 12) to base 7.
-2240
Convert 220110 (base 3) to base 12.
470
-17422 (base 8) to base 5
-223304
What is 200 (base 4) in base 6?
52
What is 41452 (base 6) in base 7?
22154
Convert 120513 (base 6) to base 11.
7a28
What is -25150 (base 9) in base 15?
-5013
What is -1038 (base 16) in base 10?
-4152
Convert 45440 (base 6) to base 11.
4918
-1000100110001000 (base 2) to base 11
-244a8
3392 (base 15) to base 3
120000002
Convert 3302 (base 12) to base 4.
1113302
What is -764 (base 11) in base 4?
-32111
Convert 123 (base 9) to base 11.
93
What is -ac91 (base 15) in base 13?
-13864
What is 1112323 (base 5) in base 8?
46401
Convert 1305 (base 8) to base 4.
23011
Convert 13 (base 5) to base 6.
12
Convert -200003 (base 4) to base 7.
-5660
What is -63207 (base 8) in base 16?
-6687
Convert 41 (base 8) to base 16.
21
18153 (base 10) to base 2
100011011101001
Convert -3153 (base 13) to base 16.
-1aac
Convert -4481 (base 11) to base 5.
-142042
What is -144 (base 10) in base 2?
-10010000
Convert -3d59 (base 16) to base 12.
-9109
540 (base 8) to base 16
160
-354a (base 11) to base 8
-11054
Convert 21333 (base 5) to base 12.
a24
Convert c4 (base 13) to base 9.
187
-140 (base 12) to base 10
-192
Convert 2010 (base 5) to base 13.
168
202221020 (base 3) to base 11
10514
13212 (base 13) to base 6
432213
Convert 3983 (base 12) to base 14.
257d
What is -14254 (base 6) in base 13?
-1054
Convert -11002 (base 6) to base 2.
-10111101010
What is -333031 (base 5) in base 7?
-45640
-1ff (base 16) to base 7
-1330
-11101000110001 (base 2) to base 11
-10213
Convert -471 (base 8) to base 16.
-139
Convert 259a (base 14) to base 2.
1100111001100
839 (base 10) to base 14
43d
What is -1501 (base 9) in base 16?
-46f
What is 541 (base 13) in base 16?
382
-301321 (base 4) to base 5
-100233
What is -220002 (base 3) in base 6?
-3002
Convert 20313 (base 4) to base 5.
4232
Convert -10a78 (base 15) to base 4.
-30323330
What is -2545 (base 6) in base 5?
-10031
What is 1100010110 (base 2) in base 16?
316
-10122002 (base 3) to base 11
-1a98
Convert -904 (base 13) to base 5.
-22100
Convert 4414 (base 12) to base 5.
220004
What is -25877 (base 10) in base 5?
-1312002
Convert -2450 (base 7) to base 12.
-645
1001200222 (base 3) to base 4
11012330
Convert -224 (base 16) to base 4.
-20210
101110010 (base 2) to base 6
1414
-531030 (base 6) to base 10
-43002
Convert -572 (base 10) to base 11.
-480
708 (base 14) to base 12
970
3020 (base 14) to base 9
12287
Convert -100101000100 (base 2) to base 12.
-1458
Convert 26627 (base 10) to base 5.
1323002
-5a10 (base 15) to base 10
-19140
Convert 240 (base 12) to base 15.
176
What is -5355 (base 6) in base 7?
-3365
What is 356 (base 10) in base 14?
1b6
4350 (base 6) to base 10
1002
What is b2c (base 13) in base 14?
997
Convert 857 (base 13) to base 5.
21144
33213 (base 5) to base 12
1404
21022010 (base 3) to base 7
21342
Convert b89 (base 